?
3, 43
What are the prime factors of 110750?
2, 5, 443
List the prime factors of 140.
2, 5, 7
List the prime factors of 13033.
13033
What are the prime factors of 2626?
2, 13, 101
List the prime factors of 453.
3, 151
List the prime factors of 30723.
3, 7, 11, 19
What are the prime factors of 120294?
2, 3, 41, 163
List the prime factors of 1927.
41, 47
List the prime factors of 1004.
2, 251
What are the prime factors of 17828?
2, 4457
List the prime factors of 1449.
3, 7, 23
What are the prime factors of 56183?
19, 2957
List the prime factors of 89582.
2, 47, 953
What are the prime factors of 453?
3, 151
List the prime factors of 5380.
2, 5, 269
List the prime factors of 4673.
4673
What are the prime factors of 11247?
3, 23, 163
What are the prime factors of 1169?
7, 167
What are the prime factors of 20662?
2, 10331
What are the prime factors of 265?
5, 53
List the prime factors of 39609.
3, 163
List the prime factors of 1592.
2, 199
List the prime factors of 3343.
3343
List the prime factors of 1015.
5, 7, 29
What are the prime factors of 5690?
2, 5, 569
What are the prime factors of 64748?
2, 16187
What are the prime factors of 311?
311
What are the prime factors of 4069?
13, 313
List the prime factors of 231.
3, 7, 11
List the prime factors of 3894.
2, 3, 11, 59
What are the prime factors of 1165?
5, 233
List the prime factors of 1791.
3, 199
List the prime factors of 4371.
3, 31, 47
List the prime factors of 49939.
49939
What are the prime factors of 19298?
2, 9649
What are the prime factors of 16247?
7, 11, 211
What are the prime factors of 6363?
3, 7, 101
What are the prime factors of 14423?
14423
List the prime factors of 3194.
2, 1597
What are the prime factors of 1188?
2, 3, 11
What are the prime factors of 1975?
5, 79
List the prime factors of 3785.
5, 757
List the prime factors of 9350.
2, 5, 11, 17
List the prime factors of 5719.
7, 19, 43
List the prime factors of 2899.
13, 223
What are the prime factors of 2047?
23, 89
What are the prime factors of 438?
2, 3, 73
What are the prime factors of 11178?
2, 3, 23
List the prime factors of 4432.
2, 277
List the prime factors of 66825.
3, 5, 11
List the prime factors of 4490.
2, 5, 449
List the prime factors of 132.
2, 3, 11
What are the prime factors of 58?
2, 29
What are the prime factors of 57934?
2, 83, 349
List the prime factors of 2017.
2017
What are the prime factors of 3436?
2, 859
What are the prime factors of 94?
2, 47
What are the prime factors of 256?
2
List the prime factors of 35592.
2, 3, 1483
What are the prime factors of 111186?
2, 3, 29, 71
List the prime factors of 383.
383
List the prime factors of 1441.
11, 131
What are the prime factors of 4084?
2, 1021
List the prime factors of 2554.
2, 1277
List the prime factors of 5589.
3, 23
What are the prime factors of 1391?
13, 107
What are the prime factors of 6681?
3, 17, 131
What are the prime factors of 686?
2, 7
List the prime factors of 9655.
5, 1931
List the prime factors of 1934.
2, 967
What are the prime factors of 27444?
2, 3, 2287
What are the prime factors of 472?
2, 59
What are the prime factors of 2431?
11, 13, 17
List the prime factors of 1390.
2, 5, 139
What are the prime factors of 9428?
2, 2357
What are the prime factors of 404?
2, 101
What are the prime factors of 29068?
2, 13, 43
List the prime factors of 17671.
41, 431
List the prime factors of 8301.
3, 2767
List the prime factors of 8819.
8819
List the prime factors of 13784.
2, 1723
List the prime factors of 20570.
2, 5, 11, 17
List the prime factors of 47277.
3, 17, 103
List the prime factors of 14240.
2, 5, 89
What are the prime factors of 735?
3, 5, 7
What are the prime factors of 2569?
7, 367
What are the prime factors of 3382?
2, 19, 89
What are the prime factors of 4676?
2, 7, 167
What are the prime factors of 2355?
3, 5, 157
List the prime factors of 3660.
2, 3, 5, 61
What are the prime factors of 33776?
2, 2111
What are the prime factors of 13705?
5, 2741
List the prime factors of 2491.
47, 53
What are the prime factors of 50410?
2, 5, 71
List the prime factors of 82412.
2, 11, 1873
List the prime factors of 2832.
2, 3, 59
List the prime factors of 4849.
13, 373
What are the prime factors of 62513?
11, 5683
What are the prime factors of 4240?
2, 5, 53
List the prime factors of 8701.
7, 11, 113
What are the prime factors of 27488?
2, 859
List the prime factors of 54605.
5, 67, 163
List the prime factors of 15985.
5, 23, 139
List the prime factors of 465.
3, 5, 31
List the prime factors of 9046.
2, 4523
What are the prime factors of 3327?
3, 1109
List the prime factors of 126980.
2, 5, 7, 907
List the prime factors of 689.
13, 53
List the prime factors of 44344.
2, 23, 241
List the prime factors of 9801.
3, 11
List the prime factors of 27849.
3, 9283
List the prime factors of 3508.
2, 877
What are the prime factors of 3650?
2, 5, 73
What are the prime factors of 1396?
2, 349
What are the prime factors of 1151?
1151
What are the prime factors of 142?
2, 71
What are the prime factors of 21499?
21499
List the prime factors of 1664.
2, 13
What are the prime factors of 15479?
23, 673
List the prime factors of 37183.
19, 103
What are the prime factors of 1012?
2, 11, 23
List the prime factors of 2817.
3, 313
List the prime factors of 48336.
2, 3, 19, 53
List the prime factors of 10925.
5, 19, 23
What are the prime factors of 110051?
110051
What are the prime factors of 13706?
2, 7, 11, 89
What are the prime factors of 843?
3, 281
List the prime factors of 17598.
2, 3, 7, 419
What are the prime factors of 332?
2, 83
What are the prime factors of 15474?
2, 3, 2579
List the prime factors of 92204.
2, 7, 37, 89
What are the prime factors of 6069?
3, 7, 17
What are the prime factors of 841?
29
What are the prime factors of 6500?
2, 5, 13
What are the prime factors of 2275?
5, 7, 13
List the prime factors of 56569.
56569
What are the prime factors of 14045?
5, 53
What are the prime factors of 115905?
3, 5, 7727
List the prime factors of 1320.
2, 3, 5, 11
List the prime factors of 3594.
2, 3, 599
What are the prime factors of 653?
653
What are the prime factors of 1848?
2, 3, 7, 11
What are the prime factors of 124745?
5, 61, 409
What are the prime factors of 3299?
3299
What are the prime factors of 12960?
2, 3, 5
List the prime factors of 16019.
83, 193
List the prime factors of 11275.
5, 11, 41
What are the prime factors of 5039?
5039
List the prime factors of 487.
487
What are the prime factors of 372?
2, 3, 31
What are the prime factors of 2721?
3, 907
List the prime factors of 651.
3, 7, 31
List the prime factors of 3413.
3413
What are the prime factors of 4360?
2, 5, 109
List the prime factors of 19791.
3, 733
What are the prime factors of 4393?
23, 191
What are the prime factors of 10281?
3, 23, 149
List the prime factors of 13174.
2, 7, 941
List the prime factors of 7839.
3, 13, 67
List the prime factors of 46706.
2, 11, 193
What are the prime factors of 23822?
2, 43, 277
List the prime factors of 13922.
2, 6961
What are the prime factors of 23286?
2, 3, 3881
List the prime factors of 6170.
2, 5, 617
What are the prime factors of 4728?
2, 3, 197
What are the prime factors of 10749?
3, 3583
List the prime factors of 7468.
2, 1867
What are the prime factors of 599?
599
What are the prime factors of 7113?
3, 2371
List the prime factors of 8697.
3, 13, 223
What are the prime factors of 2762?
2, 1381
What are the prime factors of 77796?
2, 3, 2161
List the prime factors of 325.
5, 13
What are the prime factors of 16037?
7, 29, 79
What are the prime factors of 8136?
2, 3, 113
List the prime factors of 82000.
2, 5, 41
What are the prime factors of 77132?
2, 11, 1753
What are the prime factors of 7805?
5, 7, 223
List the prime factors of 113.
113
What are the prime factors of 3596?
2, 29, 31
What are the prime factors of 17986?
2, 17, 23
List the prime factors of 2816.
2, 11
List the prime factors of 7577.
7577
List the prime factors of 19.
19
What are the prime factors of 322?
2, 7, 23
List the prime factors of 8072.
2, 1009
List the prime factors of 2404.
2, 601
What are the prime factors of 2287?
2287
What are the prime factors of 1775?
5, 71
List the prime factors of 30073.
17, 29, 61
List the prime factors of 674.
2, 337
What are the prime factors 